Let n = 81 + -71. Suppose -o = 2*a - 12, -n*o = a - 12*o + 4. Suppose -a*q = -108 - 108. Calculate the highest common factor of q and 18.
18
Let k(o) = -17*o + 17 + 11 + 19*o. Suppose -7*n - 120 = -47*n. Let c be k(n). What is the highest common factor of c and 136?
34
Let c(i) = -10*i + 14. Let r be c(-3). Let m = r + -38. Suppose -3*u = -s + 39, -4*s - 3*u + m*u = -138. Calculate the greatest common factor of s and 132.
33
Let x = -3520 + 3592. Suppose 7 = 5*v - 8. Let i be v/(-4) - 1740/(-16). What is the greatest common divisor of i and x?
36
Let n be 12 + (5 - (-24)/(-8)). Suppose -n*c = -39*c + 275. Let f be (1 + -2)/((-1)/143). Calculate the highest common divisor of f and c.
11
Suppose -3*i + 525 = 2*g, -3*g + 6*g + 875 = 5*i. Let c be i/55 + (-4)/22. Let l(q) = -2*q + 6. Let v be l(-9). What is the greatest common divisor of v and c?
3
Let s(a) = -25*a. Let x be s(-3). Suppose -4*k = 24, p - 66*k = -67*k + 39. What is the highest common divisor of x and p?
15
Suppose 0 = -3*n + 4*y + 11778, 2*n + 45*y - 7866 = 43*y. What is the highest common divisor of 30 and n?
30
Suppose 0 = -17*u + 1343 + 34. Let x = u - 43. What is the greatest common factor of x and 38?
38
Suppose 79*m - m = 1014. Calculate the highest common factor of m and 5993.
13
Let i be -5 - (-42 + 3) - 4. Suppose -i*z + 146 = -64. Let j be (112/10)/((-2)/(-10)). What is the highest common divisor of j and z?
7
Let x be ((-16)/(-14))/(2/7). Suppose 0 = -v + 12*t - 16*t + 38, x*v = 4*t + 72. What is the highest common divisor of 154 and v?
22
Let i = 6 - 0. Suppose -3*b = -19*b + 256. Let m = 82 - b. Calculate the highest common factor of i and m.
6
Let c(a) = -2*a**3 + 63*a**2 + 85*a + 88. Let z be c(31). What is the greatest common factor of z and 12?
12
Let m(w) = 59*w - 2285. Let n be m(40). What is the greatest common divisor of 1875 and n?
75
Let h(s) = -3*s**2 + 19*s - 9. Let x be h(3). Suppose -4*g + 1957 = 3*v, -4*v + 3251 = v - 4*g. What is the highest common factor of v and x?
21
Let u = 83 + -59. Let r be 4*((-112)/8 - (-21 + 4)). Calculate the highest common divisor of r and u.
12
Let i(d) = -7*d**2 + 4*d + 2. Let s be i(5). Let f be 3 + 1/((-3)/s). Let r = -197 + 203. Calculate the greatest common divisor of f and r.
6
Let s be ((-6)/(-8))/(1/4). Let b(m) = 409*m**3 - 3*m**2 + 4*m - 2. Let h be b(1). Let n = h - 381. Calculate the greatest common factor of s and n.
3
Let x(o) = -2*o**3 + 52*o**2 - 319*o. Let i be x(10). Calculate the greatest common divisor of i and 3470.
10
Suppose -32*n - 16 = -36*n. Suppose 3*r - 43 = -5*c, n*c - 63 = -c + 2*r. Calculate the highest common factor of 44 and c.
11
Suppose -3*q = 5*d + 587, 0*q - 119 = d - q. Let i = 134 - d. Suppose 5*w + 3*s = i, 5*w = -5*s - 0*s + 250. Calculate the greatest common divisor of 17 and w.
17
Let i be 188/(-6)*(-15 - (-207)/46) + -8. What is the greatest common divisor of i and 9523?
107
Let y = 3 + 3. Let t(v) = -390*v + 1191. Let f be t(3). What is the highest common factor of f and y?
3
Let p = 192 + -180. Let z be (-2 - (-6)/p)*-154. What is the greatest common divisor of 21 and z?
21
Let g = -2483 + 2489. Let n = 2 - 14. Let j be n*9*1/(-2). Calculate the highest common divisor of j and g.
6
Let x(u) = -u**3 - u**2 - 5*u - 3. Suppose 0 = b - 2 - 1. Let q = 0 - b. Let o be x(q). What is the highest common factor of 45 and o?
15
Suppose c + 5*q - 60 = 0, 4*c = -4*q + 494 - 190. Let b = -212860 + 213068. What is the highest common divisor of c and b?
16
Let t(s) = 18*s**2. Let a be t(3). Let k = 499 - 417. Suppose 44 + k = 7*f. What is the greatest common factor of a and f?
18
Let i be 15/(-55) + 34399/451. Calculate the greatest common divisor of i and 8.
4
Let p(b) = -b**3 - b - 1. Let r be p(-2). Suppose r*f - 408 = -2*d + 13*f, -3*f - 801 = -4*d. Calculate the highest common factor of 18 and d.
18
Suppose -6*j - 320 = -344. Let g be (-1)/j + (-1597)/(-4)*1. What is the highest common factor of 21 and g?
21
Let p = -15475 - -16333. What is the highest common divisor of p and 154?
22
Let z = -4162 + 5251. Calculate the greatest common factor of z and 54.
9
Suppose q = 0, -3*y - 8*q + 87 = -10*q. Suppose -105 + y = -4*g. What is the highest common factor of 19 and g?
19
Let a be ((-64)/20)/((-2)/(-10)). Let o be -6*a/(-12)*-5. Suppose 210*t - 16 = 206*t. What is the greatest common divisor of o and t?
4
Let n be -2 + 818 - (6 + -4 - 0). Let p = 82 + -8. What is the highest common factor of n and p?
74
Suppose -296 = 2*t + 2*t. Let q = 117 + t. Let j be (-15)/25 + q/5 + 0. What is the highest common divisor of 1 and j?
1
Let s(j) = -3*j**3 + 10*j**2 + 63*j - 45. Let p be s(-5). Calculate the greatest common divisor of p and 1961.
53
Let d = -52 + 87. Let w = d + 56. Calculate the greatest common factor of w and 65.
13
Let q(k) = k**2 - 53*k + 115. Suppose 33*y - 62 = 1621. Let l be q(y). Calculate the greatest common factor of 8 and l.
1
Let x be (2484/(-16))/(-27) - 2/(-8). Let s(h) = 4*h**2 + 7*h - 12. Let r be s(-10). Calculate the greatest common divisor of x and r.
6
Suppose -4*j - 53 = -5*k - 0*k, 5*k - 55 = 5*j. Let g(a) = 17*a**2 - 3*a - 11. Let o = -441 + 439. Let s be g(o). What is the greatest common factor of k and s?
9
Let o = 206 - 208. Let s be (-1)/o*(-17784)/(-39). Calculate the greatest common factor of 12 and s.
12
Let j be (-620)/(-341) + (-2)/(-11). Suppose -j*v - 1287 = -3483. Calculate the highest common divisor of 61 and v.
61
Let l be (516/(-36) + 23)/((-1)/(-186)). Calculate the greatest common factor of l and 104.
52
Suppose -325*o + 1140 = -320*o - 3215. Calculate the highest common divisor of o and 134.
67
Let f be (-57)/(-95) - 28/5 - -3. Let o be (39/(-6))/(1 - (-3)/f). Suppose -4*l = -0*l - 52. What is the greatest common divisor of l and o?
13
Let q(c) = 3*c**2 - 125*c - 886. Let o be q(49). What is the highest common divisor of o and 486?
6
Let h = 3 - -13. Let v be 2799/7*1 - (20/35)/(-4). What is the highest common divisor of v and h?
16
Let x be 10*(-12)/120*-785. Calculate the highest common factor of x and 157.
157
Suppose -p = -309 + 53. Suppose 36*w - p = 28*w. Calculate the greatest common factor of 24 and w.
8
Let a(z) = 13*z**2 - 143*z - 596. Let b be a(-4). Calculate the highest common factor of 161 and b.
23
Suppose 4*x - 955 - 3460 = -3*q, -7*x = 5*q - 7725. What is the highest common factor of x and 154?
22
Let b = 7496 + -6714. Calculate the highest common factor of b and 306.
34
Let a = 6021 + -4733. What is the greatest common divisor of 368 and a?
184
Suppose -532 = -276*h + 262*h. Suppose 309*g + h = 310*g. Suppose 3*k - 61 = -4. Calculate the highest common divisor of k and g.
19
Let k = 10406 - 10111. Calculate the highest common factor of 1121 and k.
59
Let x be (-879)/(-21) + 3/21. What is the greatest common divisor of x and 1113?
21
Let q(t) = -15*t + 3. Let l be q(-3). Let v = -23276 + 23548. Calculate the highest common factor of v and l.
16
Let w(f) = 18*f**2 + 3*f + 97. Let o be w(9). Calculate the greatest common divisor of o and 3390.
226
Let z(m) = 10*m + 18. Let i be z(-2). Let s be (-109 + 41)*1/i. What is the greatest common factor of 272 and s?
34
Let n = 750411 - 750397. Suppose -4*w = i - 10, 0 = -w - 4*w + 2*i + 19. What is the greatest common factor of w and n?
1
Let h be 67 + (-8)/(-16)*-4. What is the greatest common factor of h and 1963?
13
Suppose 118*j - 131528 = 69544. What is the highest common divisor of 24 and j?
24
Suppose 224*h = 226*h - 10800. Calculate the greatest common factor of 6 and h.
6
Let n = -178 + 340. Let t be 8491/63 + (-10)/(-45). Let r = t - 108. Calculate the highest common factor of r and n.
27
Let i(x) = x**2 - 19*x + 25. Let o(t) = -12*t - 54. Let s be o(-6). Let u be i(s). Calculate the highest common divisor of 63 and u.
7
Let p be -36 - 6/(-3 - -6). Let j = p + 178. Let z be (6 + 5 + -12)*(0 - 280/5). What is the greatest common divisor of z and j?
28
Suppose 696 = 2*n - 1078. Let z = n - 367. What is the highest common divisor of 65 and z?
65
Suppose -3 = -12*s + 9. Let n(y) = 25*y - 9. Let k be n(s). What is the greatest common divisor of k and 24?
8
Let m be (-4)/((-2)/(-13) - (-1692)/4914*-1). Calculate the greatest common factor of m and 1043.
7
Let o(l) = -3*l**3 + 11*l**2 - 